{"id":1564,"date":"2023-03-04T20:48:38","date_gmt":"2023-03-05T01:48:38","guid":{"rendered":"https:\/\/orantario.com\/?page_id=1564"},"modified":"2024-01-14T17:45:42","modified_gmt":"2024-01-14T22:45:42","slug":"atelier-de-preparation-du-cv-canadien","status":"publish","type":"page","link":"https:\/\/orantario.com\/index.php\/atelier-de-preparation-du-cv-canadien\/","title":{"rendered":"Atelier de pr\u00e9paration \u00e0 l&#8217;emploi"},"content":{"rendered":"\n<p>Pr\u00e9parez votre CV au format canadien et commencez \u00e0 appliquer pour des postes d&#8217;emploi \u00e0 travers le Canada. Nous vous offrons l&rsquo;aide pour les 3 types de CV reconnus par les employeurs et les recruteurs canadiens. Nous vous parlerons des diff\u00e9rents sites pour la recherche d&#8217;emplois et comment proc\u00e9der pour que votre CV atterrisse sur le bureau des ressources humaines de l&rsquo;entreprise cibl\u00e9e. Nous offrons aussi des s\u00e9ances de coaching pour la pr\u00e9paration \u00e0 l&rsquo;entrevue.&nbsp;<\/p>\n\n\n\n<p>Le prix inclut:<\/p>\n\n\n\n<ul>\n<li>Session individuelle pour faire l&rsquo;\u00e9valuation de carri\u00e8re, analyser les forces et les faiblesse et parler des orientations professionnelles du client ainsi que le type de formation qui peut l&rsquo;aider \u00e0 int\u00e9grer le march\u00e9 d&#8217;emploi canadien rapidement.<\/li>\n\n\n\n<li>S\u00e9ance de coaching individuelle sur la mani\u00e8re d&rsquo;adapter son CV aux standars canadiens pour augmenter ses chances de d\u00e9crocher une entrevue.<\/li>\n\n\n\n<li>L&rsquo;envoi du gabarit de CV et lettre de pr\u00e9sentation au client pour qu&rsquo;il remplisse des informations.<\/li>\n\n\n\n<li>R\u00e9vision du CV et de la lettre de pr\u00e9sentation pour un poste donn\u00e9.<\/li>\n\n\n\n<li>Pratique d&rsquo;entrevue pour aborder les divers techniques de r\u00e9ponses, la psychotechnique et le langage corporel.<\/li>\n<\/ul>\n\n\n\n<p>Prix:\u00a0<mark style=\"background-color:rgba(0, 0, 0, 0)\" class=\"has-inline-color has-ast-global-color-0-color\">100$<\/mark><\/p>\n","protected":false},"excerpt":{"rendered":"<p>Pr\u00e9parez votre CV au format canadien et commencez \u00e0 appliquer pour des postes d&#8217;emploi \u00e0 travers le Canada. Nous vous offrons l&rsquo;aide pour les 3 types de CV reconnus par les employeurs et les recruteurs canadiens. Nous vous parlerons des diff\u00e9rents sites pour la recherche d&#8217;emplois et comment proc\u00e9der pour que votre CV atterrisse sur &hellip;<\/p>\n<p class=\"read-more\"> <a class=\"\" href=\"https:\/\/orantario.com\/index.php\/atelier-de-preparation-du-cv-canadien\/\"> <span class=\"screen-reader-text\">Atelier de pr\u00e9paration \u00e0 l&#8217;emploi<\/span> Lire la suite\u00a0\u00bb<\/a><\/p>\n","protected":false},"author":1,"featured_media":0,"parent":0,"menu_order":0,"comment_status":"closed","ping_status":"closed","template":"","meta":{"site-sidebar-layout":"default","site-content-layout":"default","ast-global-header-display":"","ast-main-header-display":"","ast-hfb-above-header-display":"","ast-hfb-below-header-display":"","ast-hfb-mobile-header-display":"","site-post-title":"","ast-breadcrumbs-content":"","ast-featured-img":"","footer-sml-layout":"","theme-transparent-header-meta":"","adv-header-id-meta":"","stick-header-meta":"","header-above-stick-meta":"","header-main-stick-meta":"","header-below-stick-meta":"","footnotes":""},"_links":{"self":[{"href":"https:\/\/orantario.com\/index.php\/wp-json\/wp\/v2\/pages\/1564"}],"collection":[{"href":"https:\/\/orantario.com\/index.php\/wp-json\/wp\/v2\/pages"}],"about":[{"href":"https:\/\/orantario.com\/index.php\/wp-json\/wp\/v2\/types\/page"}],"author":[{"embeddable":true,"href":"https:\/\/orantario.com\/index.php\/wp-json\/wp\/v2\/users\/1"}],"replies":[{"embeddable":true,"href":"https:\/\/orantario.com\/index.php\/wp-json\/wp\/v2\/comments?post=1564"}],"version-history":[{"count":4,"href":"https:\/\/orantario.com\/index.php\/wp-json\/wp\/v2\/pages\/1564\/revisions"}],"predecessor-version":[{"id":1678,"href":"https:\/\/orantario.com\/index.php\/wp-json\/wp\/v2\/pages\/1564\/revisions\/1678"}],"wp:attachment":[{"href":"https:\/\/orantario.com\/index.php\/wp-json\/wp\/v2\/media?parent=1564"}],"curies":[{"name":"wp","href":"https:\/\/api.w.org\/{rel}","templated":true}]}}